{"id":1052,"date":"2026-05-04T18:59:25","date_gmt":"2026-05-04T16:59:25","guid":{"rendered":"https:\/\/aidotic.fr\/?page_id=1052"},"modified":"2026-05-04T19:49:55","modified_gmt":"2026-05-04T17:49:55","slug":"mentions-legales","status":"publish","type":"page","link":"https:\/\/aidotic.fr\/index.php\/mentions-legales\/","title":{"rendered":"MENTIONS L\u00c9GALES"},"content":{"rendered":"<div class=\"et_pb_section_0 et_pb_section et_section_regular et_flex_section\">\n<div class=\"et_pb_row_0 et_pb_row et_flex_row\">\n<div class=\"et_pb_column_0 et_pb_column et-last-child et_flex_column et_pb_css_mix_blend_mode_passthrough et_flex_column_24_24 et_flex_column_24_24_tablet et_flex_column_24_24_phone\">\n<div class=\"et_pb_heading_0 et_pb_heading et_pb_module et_flex_module\"><div class=\"et_pb_heading_container\"><h1 class=\"et_pb_module_header\">MENTIONS L\u00c9GALES \u2013 AID\u2019O TIC<\/h1><\/div><\/div>\n<\/div>\n<\/div>\n<\/div>\n\n<div class=\"et_pb_section_1 et_pb_section et_section_regular et_flex_section\">\n<div class=\"et_pb_row_1 et_pb_row et_flex_row\">\n<div class=\"et_pb_column_1 et_pb_column et-last-child et_flex_column et_pb_css_mix_blend_mode_passthrough et_flex_column_24_24 et_flex_column_24_24_tablet et_flex_column_24_24_phone\">\n<div class=\"et_pb_text_0 et_pb_text et_pb_bg_layout_light et_pb_module et_flex_module\"><div class=\"et_pb_text_inner\"><p>Derni\u00e8re mise \u00e0 jour : Mai 2026<\/p>\n<p>Conform\u00e9ment \u00e0 la loi n\u00b0 2004-575 du 21 juin 2004 pour la confiance dans l\u2019\u00e9conomie num\u00e9rique (LCEN), les utilisateurs du site AID\u2019O TIC sont inform\u00e9s des pr\u00e9sentes mentions l\u00e9gales.<\/p>\n<p><strong>1. \u00c9dition du site<\/strong><\/p>\n<p>Le pr\u00e9sent site web (www.aidotic.fr) est \u00e9dit\u00e9 par :<\/p>\n<p><strong>AID\u2019O TIC<\/strong>, marque sp\u00e9cialis\u00e9e dans l'assistance administrative et num\u00e9rique<\/p>\n<p>SASU, soci\u00e9t\u00e9 par actions simplifi\u00e9e unipersonnelle<br \/>\nSIREN : 993 202 829 00012<\/p>\n<p>RCS : 993 202 829 R.C.S. Albi Si\u00e8ge social : 11 RUE DE L'AUTAN - 81340 VALENCE-D'ALBIGEOIS - FRANCE<\/p>\n<p>T\u00e9l\u00e9phone : +33 (0)7 59 77 78 08<\/p>\n<p>Email : secretariat@aidotic.fr<\/p>\n<p>Site : www.aidotic.fr<\/p>\n<p>Directeur de la publication : Cyril CARR\u00c8RES<\/p>\n<p><strong>2. Webmaster &amp; R\u00e9alisation technique<\/strong><\/p>\n<p>Le site a \u00e9t\u00e9 r\u00e9alis\u00e9 par :<\/p>\n<p>Cyril CARRERES<\/p>\n<p>(Contact : \u00e0 pr\u00e9ciser par le webmaster si n\u00e9cessaire)<\/p>\n<p><strong>3. H\u00e9bergement<\/strong><\/p>\n<p>Le site web est h\u00e9berg\u00e9 par : o2switch<\/p>\n<p>222 Boulevard Gustave Flaubert<\/p>\n<p>63000 Clermont-Ferrand \u2013 France<\/p>\n<p>Site web : www.o2switch.fr<\/p>\n<p><strong>4. Propri\u00e9t\u00e9 intellectuelle<\/strong><\/p>\n<p>L\u2019ensemble du site (textes, images, graphismes, logo, structure) est la propri\u00e9t\u00e9 exclusive de AID\u2019O TIC, sauf mention contraire.<br \/>\nToute reproduction, repr\u00e9sentation, modification, publication, adaptation, totale ou partielle est interdite sans autorisation \u00e9crite pr\u00e9alable.<\/p>\n<p>Sources des visuels :<\/p>\n<p>Les images utilis\u00e9es proviennent de la banque d\u2019images : ChatGPT, Pexels, Pixabay<\/p>\n<p><strong>5. Confidentialit\u00e9 &amp; Protection des donn\u00e9es personnelles<\/strong><\/p>\n<p>Le site AID\u2019O TIC s\u2019engage \u00e0 respecter la vie priv\u00e9e de ses utilisateurs et clients, ainsi que la confidentialit\u00e9 des informations personnelles ou sensibles qui pourraient \u00eatre communiqu\u00e9es dans le cadre des prestations r\u00e9alis\u00e9es.<\/p>\n<p>Pour toute question concernant la gestion de vos donn\u00e9es personnelles ou l\u2019exercice de vos droits, veuillez nous contacter directement par email \u00e0 l\u2019adresse suivante : secretariat@aidotic.fr<br \/>\n<strong>6. Limitation de responsabilit\u00e9<\/strong><\/p>\n<p>AID\u2019O TIC ne saurait \u00eatre tenu responsable des \u00e9ventuels dommages directs ou indirects caus\u00e9s au mat\u00e9riel ou aux donn\u00e9es de l\u2019utilisateur, lors de l\u2019acc\u00e8s au site internet. L\u2019utilisateur du site s\u2019engage \u00e0 acc\u00e9der au site en utilisant un mat\u00e9riel r\u00e9cent, ne contenant pas de virus et avec un navigateur mis \u00e0 jour r\u00e9guli\u00e8rement.<\/p>\n<p>AID\u2019O TIC d\u00e9cline toute responsabilit\u00e9 quant aux \u00e9ventuels dysfonctionnements li\u00e9s \u00e0 l\u2019utilisation du r\u00e9seau internet, notamment en cas de coupure de service ou de difficult\u00e9s d\u2019acc\u00e8s au site.<\/p>\n<p><strong>7. Conditions d\u2019utilisation<\/strong><\/p>\n<p>Le site web accessible par l\u2019URL www.aidotic.fr est exploit\u00e9 dans le respect de la l\u00e9gislation fran\u00e7aise. L\u2019utilisation de ce site est r\u00e9gie par les pr\u00e9sentes mentions l\u00e9gales. En utilisant ce site, vous reconnaissez avoir pris connaissance de ces conditions et les avoir accept\u00e9es sans r\u00e9serve.<\/p>\n<p><strong>8. Modifications<\/strong><\/p>\n<p>A se r\u00e9serve le droit de modifier \u00e0 tout moment et sans pr\u00e9avis les pr\u00e9sentes mentions l\u00e9gales, afin notamment de les adapter aux \u00e9volutions du site ou aux exigences l\u00e9gales et r\u00e9glementaires.<\/p>\n<p><strong>9.Cookies<\/strong><br \/>\nLe site peut utiliser des cookies pour am\u00e9liorer l\u2019exp\u00e9rience utilisateur. L\u2019utilisateur peut les accepter ou les refuser via les param\u00e8tres de son navigateur<\/p>\n<p><strong>\ud83d\udce7 Contact officiel<\/strong><\/p>\n<p>Pour toute demande ou question relative aux mentions l\u00e9gales, merci de nous contacter par email :<\/p>\n<p>\ud83d\udce9 secretariat@aidotic.fr<\/p>\n<\/div><\/div>\n<\/div>\n<\/div>\n<\/div>","protected":false},"excerpt":{"rendered":"","protected":false},"author":1,"featured_media":0,"parent":0,"menu_order":0,"comment_status":"closed","ping_status":"closed","template":"","meta":{"footnotes":""},"class_list":["post-1052","page","type-page","status-publish","hentry"],"yoast_head":"<!-- This site is optimized with the Yoast SEO plugin v27.5 - https:\/\/yoast.com\/product\/yoast-seo-wordpress\/ -->\n<title>MENTIONS L\u00c9GALES - Aidotic.fr<\/title>\n<meta name=\"robots\" content=\"index, follow, max-snippet:-1, max-image-preview:large, max-video-preview:-1\" \/>\n<link rel=\"canonical\" href=\"https:\/\/aidotic.fr\/index.php\/mentions-legales\/\" \/>\n<meta property=\"og:locale\" content=\"fr_FR\" \/>\n<meta property=\"og:type\" content=\"article\" \/>\n<meta property=\"og:title\" content=\"MENTIONS L\u00c9GALES - Aidotic.fr\" \/>\n<meta property=\"og:url\" content=\"https:\/\/aidotic.fr\/index.php\/mentions-legales\/\" \/>\n<meta property=\"og:site_name\" content=\"Aidotic.fr\" \/>\n<meta property=\"article:modified_time\" content=\"2026-05-04T17:49:55+00:00\" \/>\n<meta name=\"twitter:card\" content=\"summary_large_image\" \/>\n<script type=\"application\/ld+json\" class=\"yoast-schema-graph\">{\"@context\":\"https:\\\/\\\/schema.org\",\"@graph\":[{\"@type\":\"WebPage\",\"@id\":\"https:\\\/\\\/aidotic.fr\\\/index.php\\\/mentions-legales\\\/\",\"url\":\"https:\\\/\\\/aidotic.fr\\\/index.php\\\/mentions-legales\\\/\",\"name\":\"MENTIONS L\u00c9GALES - Aidotic.fr\",\"isPartOf\":{\"@id\":\"https:\\\/\\\/aidotic.fr\\\/#website\"},\"datePublished\":\"2026-05-04T16:59:25+00:00\",\"dateModified\":\"2026-05-04T17:49:55+00:00\",\"breadcrumb\":{\"@id\":\"https:\\\/\\\/aidotic.fr\\\/index.php\\\/mentions-legales\\\/#breadcrumb\"},\"inLanguage\":\"fr-FR\",\"potentialAction\":[{\"@type\":\"ReadAction\",\"target\":[\"https:\\\/\\\/aidotic.fr\\\/index.php\\\/mentions-legales\\\/\"]}]},{\"@type\":\"BreadcrumbList\",\"@id\":\"https:\\\/\\\/aidotic.fr\\\/index.php\\\/mentions-legales\\\/#breadcrumb\",\"itemListElement\":[{\"@type\":\"ListItem\",\"position\":1,\"name\":\"Home\",\"item\":\"https:\\\/\\\/aidotic.fr\\\/\"},{\"@type\":\"ListItem\",\"position\":2,\"name\":\"MENTIONS L\u00c9GALES\"}]},{\"@type\":\"WebSite\",\"@id\":\"https:\\\/\\\/aidotic.fr\\\/#website\",\"url\":\"https:\\\/\\\/aidotic.fr\\\/\",\"name\":\"Aidotic.fr\",\"description\":\"Votre Assistante ind\u00e9pendante administrative &amp; num\u00e9rique\",\"publisher\":{\"@id\":\"https:\\\/\\\/aidotic.fr\\\/#organization\"},\"potentialAction\":[{\"@type\":\"SearchAction\",\"target\":{\"@type\":\"EntryPoint\",\"urlTemplate\":\"https:\\\/\\\/aidotic.fr\\\/?s={search_term_string}\"},\"query-input\":{\"@type\":\"PropertyValueSpecification\",\"valueRequired\":true,\"valueName\":\"search_term_string\"}}],\"inLanguage\":\"fr-FR\"},{\"@type\":\"Organization\",\"@id\":\"https:\\\/\\\/aidotic.fr\\\/#organization\",\"name\":\"Aidotic.fr\",\"url\":\"https:\\\/\\\/aidotic.fr\\\/\",\"logo\":{\"@type\":\"ImageObject\",\"inLanguage\":\"fr-FR\",\"@id\":\"https:\\\/\\\/aidotic.fr\\\/#\\\/schema\\\/logo\\\/image\\\/\",\"url\":\"https:\\\/\\\/aidotic.fr\\\/wp-content\\\/uploads\\\/2026\\\/04\\\/cropped-logo_AIDOTIC-2.jpg\",\"contentUrl\":\"https:\\\/\\\/aidotic.fr\\\/wp-content\\\/uploads\\\/2026\\\/04\\\/cropped-logo_AIDOTIC-2.jpg\",\"width\":512,\"height\":512,\"caption\":\"Aidotic.fr\"},\"image\":{\"@id\":\"https:\\\/\\\/aidotic.fr\\\/#\\\/schema\\\/logo\\\/image\\\/\"}}]}<\/script>\n<!-- \/ Yoast SEO plugin. -->","yoast_head_json":{"title":"MENTIONS L\u00c9GALES - Aidotic.fr","robots":{"index":"index","follow":"follow","max-snippet":"max-snippet:-1","max-image-preview":"max-image-preview:large","max-video-preview":"max-video-preview:-1"},"canonical":"https:\/\/aidotic.fr\/index.php\/mentions-legales\/","og_locale":"fr_FR","og_type":"article","og_title":"MENTIONS L\u00c9GALES - Aidotic.fr","og_url":"https:\/\/aidotic.fr\/index.php\/mentions-legales\/","og_site_name":"Aidotic.fr","article_modified_time":"2026-05-04T17:49:55+00:00","twitter_card":"summary_large_image","schema":{"@context":"https:\/\/schema.org","@graph":[{"@type":"WebPage","@id":"https:\/\/aidotic.fr\/index.php\/mentions-legales\/","url":"https:\/\/aidotic.fr\/index.php\/mentions-legales\/","name":"MENTIONS L\u00c9GALES - Aidotic.fr","isPartOf":{"@id":"https:\/\/aidotic.fr\/#website"},"datePublished":"2026-05-04T16:59:25+00:00","dateModified":"2026-05-04T17:49:55+00:00","breadcrumb":{"@id":"https:\/\/aidotic.fr\/index.php\/mentions-legales\/#breadcrumb"},"inLanguage":"fr-FR","potentialAction":[{"@type":"ReadAction","target":["https:\/\/aidotic.fr\/index.php\/mentions-legales\/"]}]},{"@type":"BreadcrumbList","@id":"https:\/\/aidotic.fr\/index.php\/mentions-legales\/#breadcrumb","itemListElement":[{"@type":"ListItem","position":1,"name":"Home","item":"https:\/\/aidotic.fr\/"},{"@type":"ListItem","position":2,"name":"MENTIONS L\u00c9GALES"}]},{"@type":"WebSite","@id":"https:\/\/aidotic.fr\/#website","url":"https:\/\/aidotic.fr\/","name":"Aidotic.fr","description":"Votre Assistante ind\u00e9pendante administrative &amp; num\u00e9rique","publisher":{"@id":"https:\/\/aidotic.fr\/#organization"},"potentialAction":[{"@type":"SearchAction","target":{"@type":"EntryPoint","urlTemplate":"https:\/\/aidotic.fr\/?s={search_term_string}"},"query-input":{"@type":"PropertyValueSpecification","valueRequired":true,"valueName":"search_term_string"}}],"inLanguage":"fr-FR"},{"@type":"Organization","@id":"https:\/\/aidotic.fr\/#organization","name":"Aidotic.fr","url":"https:\/\/aidotic.fr\/","logo":{"@type":"ImageObject","inLanguage":"fr-FR","@id":"https:\/\/aidotic.fr\/#\/schema\/logo\/image\/","url":"https:\/\/aidotic.fr\/wp-content\/uploads\/2026\/04\/cropped-logo_AIDOTIC-2.jpg","contentUrl":"https:\/\/aidotic.fr\/wp-content\/uploads\/2026\/04\/cropped-logo_AIDOTIC-2.jpg","width":512,"height":512,"caption":"Aidotic.fr"},"image":{"@id":"https:\/\/aidotic.fr\/#\/schema\/logo\/image\/"}}]}},"_links":{"self":[{"href":"https:\/\/aidotic.fr\/index.php\/wp-json\/wp\/v2\/pages\/1052","targetHints":{"allow":["GET"]}}],"collection":[{"href":"https:\/\/aidotic.fr\/index.php\/wp-json\/wp\/v2\/pages"}],"about":[{"href":"https:\/\/aidotic.fr\/index.php\/wp-json\/wp\/v2\/types\/page"}],"author":[{"embeddable":true,"href":"https:\/\/aidotic.fr\/index.php\/wp-json\/wp\/v2\/users\/1"}],"replies":[{"embeddable":true,"href":"https:\/\/aidotic.fr\/index.php\/wp-json\/wp\/v2\/comments?post=1052"}],"version-history":[{"count":9,"href":"https:\/\/aidotic.fr\/index.php\/wp-json\/wp\/v2\/pages\/1052\/revisions"}],"predecessor-version":[{"id":1073,"href":"https:\/\/aidotic.fr\/index.php\/wp-json\/wp\/v2\/pages\/1052\/revisions\/1073"}],"wp:attachment":[{"href":"https:\/\/aidotic.fr\/index.php\/wp-json\/wp\/v2\/media?parent=1052"}],"curies":[{"name":"wp","href":"https:\/\/api.w.org\/{rel}","templated":true}]}}